a prime number?
True
Let q(n) = -9215*n + 96. Is q(-41) prime?
True
Is 4317*25/15 - (8 + 0) prime?
True
Let b = 868970 - 603955. Is b a prime number?
False
Let y(g) = -25*g**3 - 7*g**2 + 4*g - 10. Let h(i) = 74*i**3 + 20*i**2 - 11*i + 31. Let s(v) = 3*h(v) + 8*y(v). Is s(4) a composite number?
False
Let y be (-8)/(-4 + (-35)/(-7)). Let a(d) = 43*d**2 + 33*d + 10. Is a(y) prime?
False
Let z(o) = -665*o + 2366. Let x(m) = -29*m + 103. Let b(p) = -70*x(p) + 3*z(p). Is b(15) composite?
True
Let v(z) = -54*z**2 + 37*z - 3. Let r be v(9). Let u(a) = 6566*a**2 - 1. Let m be u(1). Let c = r + m. Is c a composite number?
False
Let w(h) be the second derivative of h**3/6 - h**2/2 + 17*h. Let j(n) = 45*n + 14. Let f(a) = j(a) + 3*w(a). Is f(7) a composite number?
False
Suppose -149*y + 17938341 = -32427323 - 20237837. Is y a prime number?
False
Let m = 53 + -51. Suppose 20*k - 135162 = m*k. Is k a composite number?
True
Suppose -5*s + 45839 = 6*h - 9*h, -5*h - 15 = 0. Suppose 29*g = 31*g - s. Is g prime?
True
Let g = 130503 + 96562. Is g prime?
False
Suppose -308*x + 30 = -303*x. Is (-4 + x + 3387)*1 composite?
False
Is 36/(-33) + (-5211145)/(-55) a prime number?
True
Let b = 47147 - 26031. Suppose 8*d - b = 10428. Is d a composite number?
False
Let g(v) = 125254*v**2 + 34*v - 7. Is g(2) a composite number?
False
Let b = 1720 + 3773. Let k = b - 3136. Is k composite?
False
Let m(b) be the third derivative of 7*b**5/15 + 9*b**4/8 + b**3/6 - 2*b**2 + 54. Is m(4) a prime number?
True
Let z = 3856 - 6105. Let v = 3955 + z. Is v composite?
True
Suppose -28*h = -27*h. Suppose h*f = -9*f + 48879. Is f prime?
True
Suppose 4*v = -7 - 17. Let z be -15*(-439)/4 + v/24. Let l = z - 1105. Is l prime?
True
Is (-8)/6*(-1011558)/424 composite?
False
Let q be (13/39)/((-1)/87). Let y = -29 - q. Suppose 4*i + 3*i - 13909 = y. Is i composite?
False
Let j = 1256 + -2162. Let r = -600 - j. Suppose d - 1510 = -5*z, -z - 3*d + r = -2*d. Is z a prime number?
False
Let n(c) = 4*c - 4. Let d be n(2). Suppose 8553 = d*s + 485. Is s prime?
True
Let y = 196 + -193. Suppose 0 = -5*o + y*x + 6976, -3*o - 4*x - 768 = -4971. Is o composite?
True
Let g be (3 + -2 + -1)/3. Let c(j) = -7*j + j**2 + g + 3 - 11*j + 0. Is c(-8) a composite number?
False
Let g(a) = 2689*a + 72. Is g(5) a composite number?
True
Let j(t) = 19*t**3 + 13*t**2 + 32*t - 37. Is j(12) prime?
True
Let q(y) = 100*y**2 - 11*y - 46. Let l be (-18)/81 + (-690)/54. Is q(l) composite?
True
Let z be (6 - -11) + (-3 - 0). Let f(p) be the third derivative of 3*p**4/8 - 7*p**3/6 + 2*p**2. Is f(z) composite?
True
Suppose 2*f - 10 - 2 = 0. Let o(s) = 2*s**3 + 10*s**2 - 2*s + 11. Let r be o(f). Suppose 0 = -j + r + 503. Is j a prime number?
False
Let u(t) = 3*t + 20 - 3*t + 125*t**2 - 122*t**2. Is u(25) a prime number?
False
Let j = -213 + 12. Let c = j - -573. Suppose 0*w - 4*w + c = 0. Is w composite?
True
Suppose 0 = -4*z + 7*v - 3*v + 119604, -3*v = 4*z - 119604. Suppose 556*f - z = 553*f. Is f a prime number?
True
Let i = 124 - 124. Suppose 2*l - 5*u + 3397 - 20625 = 0, i = 3*l - 5*u - 25837. Is l prime?
True
Let l be (-406 - 1462) + (-1 + 6)/(-1). Suppose -7548 = 2*i - 4*i. Let b = l + i. Is b prime?
True
Suppose -4*b + 7*b = 15. Suppose -3*j + 0*j = -21. Suppose 742 = j*p - b*p. Is p a composite number?
True
Suppose 0 = 214*p - 216*p. Is 1 - (p - 28)*72 a prime number?
True
Suppose -2*h + 54 = 16*h. Suppose 2*j = -h*p + 609 + 1760, -2*p + 1581 = 3*j. Is p a prime number?
False
Let h be (-797397)/(-27) + (-4)/18. Suppose h + 9054 = 4*b + c, -38591 = -4*b + 3*c. Is b a prime number?
False
Suppose 0 = -5*p - 3*q - q + 1034, -q = 4*p - 825. Suppose -2*y + p = -2406. Is y composite?
True
Let y = -11988 - -30954. Suppose 3*r = -10*g + 7*g + 14232, -g = -4*r + y. Is r composite?
True
Let y = -25294 - -48088. Suppose 180*p = 186*p - y. Is p prime?
False
Let u(j) = 8471*j - 3468. Is u(7) prime?
True
Suppose 0 = 3*g + 4*g - 70. Let y(a) = 269*a - 23 + g - 25. Is y(11) composite?
True
Suppose -c + 0*y + 3671 = -y, -2*c = 3*y - 7352. Suppose x - 3*b = -x + c, 5*x - 9193 = -3*b. Let u = x - 1167. Is u a composite number?
True
Let u(l) = l**3 - 7*l + 4. Let s be u(-3). Is ((-7)/(126/132))/(s/4197) composite?
True
Let z = 850710 - 253739. Is z prime?
False
Let k(o) = o**2 + 7*o + 4. Let f be k(7). Suppose 12*w - f = 9*w. Is w composite?
True
Let n be (18/(-15))/(2/(-4870)*1). Suppose -890 = 4*z - n. Let i = z - 297. Is i prime?
True
Let v(k) = k**3 + 3*k**2 + k + 1219. Suppose -3*t - 3*g = -12, 5*g - 32 + 12 = 5*t. Is v(t) a prime number?
False
Let y(j) = 22*j**3 + j**2 - j - 6. Let d be 10/55 - 48/22. Let o be y(d). Let p = o - -823. Is p a composite number?
False
Let f = 80 + -94. Let q be (-5 - 146/f) + (-3)/7. Suppose -3*b = -q*y + 7591, 3*y - 4*b - 1061 - 3498 = 0. Is y prime?
False
Suppose 5*g + 0*c - 3*c = -37, 12 = -g - 4*c. Is g/20 + (-45711)/(-15) a prime number?
False
Suppose -3*m + 25 = -5*a, 8*m + a = 12*m - 5. Let v be (0 - -1) + 8/2. Suppose v*t - 3*h - 4400 = m, 5*t - 4395 = 2*h - 0*h. Is t a prime number?
True
Let z(r) = -4*r + 28. Let w be z(8). Let o(a) = -6*a - 16. Let q be o(w). Is (1266/(-24))/((-2)/q) prime?
True
Let y(z) be the first derivative of 209*z**2/2 - 6*z - 8. Let q be y(6). Suppose 4*d - 1008 = 4*n, -d = -6*d + n + q. Is d prime?
False
Let b(g) = -2264*g - 2709. Is b(-95) prime?
False
Suppose 5*n - 6470 = -5*j, 5*j - 34*n - 6458 = -36*n. Suppose j = -15*g + 64095. Is g a composite number?
True
Let p(a) = a + 12. Let b be p(-13). Let j be (-3 - b)*1*4. Is (-6 - j)*447/6 a composite number?
False
Let x(a) = 3*a**2 - 11*a - 20. Let c be x(-7). Suppose -c*y + 29691 = -195*y. Is y a composite number?
False
Suppose -5*i - 2*n = -1276985, -113560 = -2*i + 2*n + 397248. Is i composite?
True
Suppose -4*g = 76 - 12. Suppose -14*d + 7799 = 197. Is d/9 - g/(-12) composite?
False
Let j(m) = -19*m - 4. Let v be j(-1). Is (1*-1)/(v/(-39570)) composite?
True
Let b be 11 + (5 - -7)/2. Suppose -b*u + 3299 + 48602 = 0. Is u prime?
False
Let k be (-95499)/(-3) + 40/20. Let f = k + -15652. Is f a composite number?
False
Suppose 15*h = 24981413 - 7153508. Is h a prime number?
True
Suppose -4*x + 320062 = 11*m, -80013 = -x + 2*m - 6*m. Is x a composite number?
False
Let t(z) = 8*z**2 + 9*z - 4. Let j(i) = -26*i**2 - 28*i + 12. Let r(y) = -5*j(y) - 16*t(y). Let a be r(17). Let u = -303 + a. Is u a composite number?
False
Let a(y) = -2733*y - 1324. Is a(-7) a composite number?
False
Suppose 0 = -5*w - 3*q + 43 + 41, 66 = 5*w - 3*q. Suppose -t = -4*o + w, 0 = -2*o + t - 2 + 9. Is 0 - -53 - (o + -4) prime?
True
Suppose -u + 3*u = d, 0 = 3*d - 2*u + 12. Let p be (-4)/(-12) + (-14848)/d. Let n = p - 1076. Is n prime?
True
Suppose -5*p - 4185 = -4*q, -q + 3*p = 6*p - 1059. Suppose -d + q = -207. Is d composite?
True
Let n = 29 + -36. Let r(o) = -2*o**2 - 11*o + 7. Let u be r(-6). Is 1/n + ((-1290)/(-14) - u) prime?
False
Suppose -8*z - 4*h - 6 = -9*z, z = -2*h. Suppose -z*r = r - 23349. Is r a composite number?
True
Let o be (-1)/(-2)*(-274)/(-1). Let b(a) = -55*a - 765. Let n be b(-14). Suppose o = d + 2*s, 22 = n*s - 3. Is d a prime number?
True
Suppose 8*x = 19*x - 3487. Suppose 4*h = 0, 0 = 4*u + h + 65 - x. Is (-29873)/(-7) - 36/u prime?
False
Suppose -2*q = -417*f + 414*f + 147767, 197020 = 4*f - 2*q. Is f composite?
False
Let z = -249 + 267. Let y(u) = 210*u - 139. Is y(z) a prime number?
False
Let v(t) = 752*t - 866. Is v(12) a composite number?
True
Let i(l) = 94*l + 4. Let p be i(-7). Let c = p + 939. Suppose c = 4*o + o. Is o prime?
False
Let t(h) = 4*h**2 - 37*h + 13. Let g be t(9). Suppose 0 = -3*u - 3*p + 21855, 5*u + g*p + 13619 = 50042. Is u prime?
True
Let s = -51 - -54. Suppose s*c - 17 = -5*t, 4*c = -2*t - c + 3. Suppose 3*b + 4407 = 6*b - 3*r, t*b = 2*r + 5868. Is b a composite number?
True
Suppose 0 = l - 194 - 198. Let q be (l/21)/4 + 2/(-3). Suppose -q*a + 12 = 0, 5*n = -3*a + 12474 - 3460. Is n composite?
False
Let m(b) = b**2 - 2*b + 8. Let g(n) = -n**2 - 4*n + 17. Let t be g(-10). Let q = 60 + t. Is m(q) a composite number?
False
Suppose 60 = -7*a + 11. Is (a - -191)/1 - 5 composite?
False
Is (2/(-4))/(14*(-30)/14524440) a composite number?
False
Is -8*6/600 - 3694908/(-100) a composite number?
True
Suppo